373?
3
What is the millions digit of 160828432?
0
What is the hundred thousands digit of 989747240?
7
What is the hundred thousands digit of 59383314?
3
What is the units digit of 46340786?
6
What is the hundred thousands digit of 108227617?
2
What is the billions digit of 3070730379?
3
What is the units digit of 131438288?
8
What is the hundred millions digit of 1019529103?
0
What is the millions digit of 653226064?
3
What is the hundred millions digit of 4938269855?
9
What is the thousands digit of 222346386?
6
What is the hundred millions digit of 326367272?
3
What is the hundreds digit of 63225207?
2
What is the thousands digit of 36339378?
9
What is the hundred thousands digit of 4343616361?
6
What is the tens digit of 177502421?
2
What is the units digit of 270791205?
5
What is the ten thousands digit of 175057066?
5
What is the hundreds digit of 546887409?
4
What is the units digit of 400645713?
3
What is the ten millions digit of 118976979?
1
What is the hundreds digit of 3613899389?
3
What is the ten millions digit of 160070102?
6
What is the hundred thousands digit of 18385948?
3
What is the units digit of 498460590?
0
What is the ten thousands digit of 45763556?
6
What is the thousands digit of 2349261421?
1
What is the hundred millions digit of 159288595?
1
What is the thousands digit of 3277468917?
8
What is the thousands digit of 267102828?
2
What is the hundred thousands digit of 3157524568?
5
What is the hundreds digit of 278730759?
7
What is the millions digit of 325716224?
5
What is the hundred thousands digit of 1350631068?
6
What is the tens digit of 50255902?
0
What is the millions digit of 706944280?
6
What is the units digit of 9006586?
6
What is the ten millions digit of 1451333220?
5
What is the hundred thousands digit of 204636868?
6
What is the tens digit of 17072634?
3
What is the ten millions digit of 192028875?
9
What is the units digit of 12263867?
7
What is the ten thousands digit of 59805289?
0
What is the ten thousands digit of 1510992022?
9
What is the tens digit of 127910630?
3
What is the thousands digit of 93240665?
0
What is the units digit of 1099329575?
5
What is the millions digit of 60130466?
0
What is the hundreds digit of 2026835427?
4
What is the hundred thousands digit of 41249414?
2
What is the ten thousands digit of 1135624595?
2
What is the ten thousands digit of 229738185?
3
What is the tens digit of 60532045?
4
What is the units digit of 28214577?
7
What is the ten thousands digit of 501591?
0
What is the hundred millions digit of 1945302468?
9
What is the millions digit of 165154499?
5
What is the millions digit of 769680653?
9
What is the units digit of 220446502?
2
What is the hundred thousands digit of 82000458?
0
What is the ten thousands digit of 134011924?
1
What is the ten millions digit of 2079058765?
7
What is the ten thousands digit of 1247433899?
3
What is the units digit of 12363834?
4
What is the tens digit of 4814580006?
0
What is the tens digit of 94687977?
7
What is the tens digit of 220892?
9
What is the tens digit of 2635721486?
8
What is the tens digit of 716564790?
9
What is the hundred thousands digit of 134796852?
7
What is the units digit of 3341796093?
3
What is the hundreds digit of 46806414?
4
What is the hundreds digit of 14612112?
1
What is the ten millions digit of 599814859?
9
What is the ten millions digit of 18248241?
1
What is the millions digit of 45015088?
5
What is the units digit of 55371270?
0
What is the hundred thousands digit of 98088209?
0
What is the millions digit of 67282874?
7
What is the hundred millions digit of 357480973?
3
What is the ten millions digit of 61639377?
6
What is the hundred thousands digit of 39254359?
2
What is the millions digit of 95394657?
5
What is the millions digit of 760971527?
0
What is the ten thousands digit of 128442421?
4
What is the ten thousands digit of 252622611?
2
What is the hundred thousands digit of 141680575?
6
What is the units digit of 122357499?
9
What is the millions digit of 189180342?
9
What is the ten millions digit of 495063168?
9
What is the hundred thousands digit of 63701583?
7
What is the tens digit of 34167346?
4
What is the hundred thousands digit of 438146253?
1
What is the millions digit of 41894016?
1
What is the tens digit of 2405589022?
2
What is the tens digit of 844756352?
5
What is the ten millions digit of 203698292?
0
What is the hundreds digit of 389260373?
3
What is the ten thousands digit of 602336214?
3
What is the thousands digit of 84605730?
5
What is the thousands digit of 72530584?
0
What is the tens digit of 302425222?
2
What is the hundred thousands digit of 36154349?
1
What is the thousands digit of 247525253?
5
What is the hundred millions digit of 177302208?
1
What is the millions digit of 3984014?
3
What is the thousands digit of 266437556?
7
What is the hundred millions digit of 1169691487?
1
What is the hundreds digit of 174922661?
6
What is the thousands digit of 2247732232?
2
What is the hundreds digit of 101631898?
8
What is the hundred thousands digit of 90297197?
2
What is the hundreds digit of 228456780?
7
What is the ten thousands digit of 10426725?
2
What is the thousands digit of 428542883?
2
What is the millions digit of 31370482?
1
What is the hundred thousands digit of 578622790?
6
What is the ten millions digit of 379113741?
7
What is the thousands digit of 3355893358?
3
What is the hundred thousands digit of 332355442?
3
What is the tens digit of 207021494?
9
What is the millions digit of 461521969?
1
What is the ten millions digit of 2876601768?
7
What is the millions digit of 32740637?
2
What is the hundred thousands digit of 68637202?
6
What is the hundreds digit of 802729223?
2
What is the millions digit of 190314884?
0
What is the tens digit of 142649010?
1
What is the units digit of 75955197?
7
What is the hundreds digit of 591817585?
5
What is the thousands digit of 353748879?
8
What is the hundred millions digit of 711189698?
7
What is the hundred millions digit of 260887120?
2
What is the tens digit of 219908419?
1
What is the units digit of 347094659?
9
What is the millions digit of 413986380?
3
What is the tens digit of 657406962?
6
What is the billions digit of 2454098612?
2
What is the hundred thousands digit of 489173214?
1
What is the millions digit of 715590245?
5
What is the ten thousands digit of 360346047?
4
What is the hundred millions digit of 287283698?
2
What is the hundreds digit of 7697142?
1
What is the hundreds digit of 100742254?
2
What is the hundreds digit of 122964609?
6
What is the millions digit of 10522077?
0
What is the ten thousands digit of 3510662474?
6
What is the hundred thousands digit of 112969026?
9
What is the hundreds digit of 669041896?
8
What is the hundred thousands digit of 22208062?
2
What is the hundreds digit of 181786104?
1
What is the ten millions digit of 116959043?
1
What is the hundreds digit of 186249754?
7
What is the ten millions digit of 23244663?
2
What is the ten millions digit of 599241902?
9
What is the units digit of 348777168?
8
What is the tens digit of 3848868036?
3
What is the hundred thousands digit of 1340761871?
7
What is the tens digit of 37001400?
0
What is the ten millions digit of 41190951?
4
What is the ten millions digit of 223540939?
2
What is the hundred millions digit of 1318116601?
3
What is the hundred thousands digit of 484648632?
6
What is the millions digit of 14108273?
4
What is the ten millions digit of 1910901015?
1
What is the tens digit of 386649381?
8
What is the hundreds digit of 56788625?
6
What is the ten thousands digit of 84415929?
1
What is the ten thousands digit of 1406138047?
3
What is the units digit of 2692121580?
0
What is the ten millions digit of 831499590?
3
What is the hundred thousands digit of 13640992?
6
What is the hundred thousands digit of 229901871?
9
What is the thousands digit of 63445705?
5
What is the ten thousands digit of 90937197?
3
What is the tens digit of 251098312?
1
What is the billions digit of 3267144671?
3
What is the ten thousands digit of 1458024638?
2
What is the hundreds digit of 237422167?
1
What is the thousands digit of 1689717079?
7
What is the tens digit of 286743470?
7
What is the hundred millions digit of 1587